{"id":3405,"date":"2024-04-24T07:55:49","date_gmt":"2024-04-24T07:55:49","guid":{"rendered":"https:\/\/dev.mondoestudio.es\/twiga\/?page_id=3405"},"modified":"2024-04-24T07:55:49","modified_gmt":"2024-04-24T07:55:49","slug":"los-profesionales-sanitarios-como-investigadores-de-la-experiencia-de-paciente","status":"publish","type":"page","link":"https:\/\/dev.mondoestudio.es\/twiga\/explora-nuestro-trabajo\/los-profesionales-sanitarios-como-investigadores-de-la-experiencia-de-paciente\/","title":{"rendered":"LOS PROFESIONALES SANITARIOS COMO INVESTIGADORES DE LA EXPERIENCIA DE PACIENTE"},"content":{"rendered":"\n<p>\u00bfColgar la bata por unos d\u00edas y convertirse en investigadores sociales para conocer la experiencia de sus pacientes y las familias? Lo que se anticipaba como una experiencia distinta y enriquecedora, se torn\u00f3 frustrante para los profesionales sanitarios de un hospital. Pacientes y familias se empe\u00f1aban en mostrarse \u2018sumamente educados\u2019, permaneciendo en silencio o contestando con monos\u00edlabos ante la insistencia de los\/as profesionales por conocer \u2018el viaje del paciente y sus experiencias\u2019 por el sistema p\u00fablico de salud.<\/p>\n\n\n\n<p>En este punto, el equipo m\u00e9dico y de enfermer\u00eda contact\u00f3 con twiga para solicitar una formaci\u00f3n <em>express<\/em> en t\u00e9cnicas de investigaci\u00f3n cualitativa.<\/p>\n\n\n\n<p>A trav\u00e9s de las sesiones dise\u00f1adas espec\u00edficamente para esta problem\u00e1tica particular, los profesionales sanitarios fueron adquiriendo los conocimientos, habilidades y confianza para salir m\u00e1s que airosos del desaf\u00edo. Desde el dise\u00f1o del mapa de experiencia del paciente, hasta la creaci\u00f3n de las condiciones para un entorno seguro en el que la persona pudiera expresarse libremente, pasando por la pr\u00e1ctica de la escucha activa y emp\u00e1tica, o la fase de an\u00e1lisis con la extracci\u00f3n de los principales resultados, y lo m\u00e1s importante: el dise\u00f1o de soluciones a los <em>pain points<\/em> detectados.<\/p>\n\n\n\n<p>La formaci\u00f3n fue un \u00e9xito y prueba de ello es que obtuvimos un 9,78 sobre 10 en el cuestionario de satisfacci\u00f3n suministrado por el hospital a los participantes\ud83d\ude0a<\/p>\n","protected":false},"excerpt":{"rendered":"<p>\u00bfColgar la bata por unos d\u00edas y convertirse en investigadores sociales para conocer la experiencia de sus pacientes y las [&hellip;]<\/p>\n","protected":false},"author":1,"featured_media":0,"parent":3084,"menu_order":0,"comment_status":"closed","ping_status":"closed","template":"","meta":{"_uag_custom_page_level_css":"","site-sidebar-layout":"default","site-content-layout":"","ast-site-content-layout":"normal-width-container","site-content-style":"boxed","site-sidebar-style":"default","ast-global-header-display":"","ast-banner-title-visibility":"","ast-main-header-display":"","ast-hfb-above-header-display":"","ast-hfb-below-header-display":"","ast-hfb-mobile-header-display":"","site-post-title":"","ast-breadcrumbs-content":"","ast-featured-img":"","footer-sml-layout":"","theme-transparent-header-meta":"disabled","adv-header-id-meta":"","stick-header-meta":"default","header-above-stick-meta":"","header-main-stick-meta":"disabled","header-below-stick-meta":"","astra-migrate-meta-layouts":"default","ast-page-background-enabled":"default","ast-page-background-meta":{"desktop":{"background-color":"var(--ast-global-color-4)","background-image":"","background-repeat":"repeat","background-position":"center center","background-size":"auto","background-attachment":"scroll","background-type":"","background-media":"","overlay-type":"","overlay-color":"","overlay-gradient":""},"tablet":{"background-color":"","background-image":"","background-repeat":"repeat","background-position":"center center","background-size":"auto","background-attachment":"scroll","background-type":"","background-media":"","overlay-type":"","overlay-color":"","overlay-gradient":""},"mobile":{"background-color":"","background-image":"","background-repeat":"repeat","background-position":"center center","background-size":"auto","background-attachment":"scroll","background-type":"","background-media":"","overlay-type":"","overlay-color":"","overlay-gradient":""}},"ast-content-background-meta":{"desktop":{"background-color":"var(--ast-global-color-5)","background-image":"","background-repeat":"repeat","background-position":"center center","background-size":"auto","background-attachment":"scroll","background-type":"","background-media":"","overlay-type":"","overlay-color":"","overlay-gradient":""},"tablet":{"background-color":"var(--ast-global-color-5)","background-image":"","background-repeat":"repeat","background-position":"center center","background-size":"auto","background-attachment":"scroll","background-type":"","background-media":"","overlay-type":"","overlay-color":"","overlay-gradient":""},"mobile":{"background-color":"var(--ast-global-color-5)","background-image":"","background-repeat":"repeat","background-position":"center center","background-size":"auto","background-attachment":"scroll","background-type":"","background-media":"","overlay-type":"","overlay-color":"","overlay-gradient":""}},"footnotes":""},"class_list":["post-3405","page","type-page","status-publish","hentry"],"yoast_head":"<!-- This site is optimized with the Yoast SEO Premium plugin v20.10 (Yoast SEO v22.6) - https:\/\/yoast.com\/wordpress\/plugins\/seo\/ -->\n<title>LOS PROFESIONALES SANITARIOS COMO INVESTIGADORES DE LA EXPERIENCIA DE PACIENTE - Twiga Strategy<\/title>\n<meta name=\"robots\" content=\"noindex, follow, max-snippet:-1, max-image-preview:large, max-video-preview:-1\" \/>\n<meta property=\"og:locale\" content=\"es_ES\" \/>\n<meta property=\"og:type\" content=\"article\" \/>\n<meta property=\"og:title\" content=\"LOS PROFESIONALES SANITARIOS COMO INVESTIGADORES DE LA EXPERIENCIA DE PACIENTE\" \/>\n<meta property=\"og:description\" content=\"\u00bfColgar la bata por unos d\u00edas y convertirse en investigadores sociales para conocer la experiencia de sus pacientes y las [&hellip;]\" \/>\n<meta property=\"og:url\" content=\"https:\/\/dev.mondoestudio.es\/twiga\/explora-nuestro-trabajo\/los-profesionales-sanitarios-como-investigadores-de-la-experiencia-de-paciente\/\" \/>\n<meta property=\"og:site_name\" content=\"Twiga Strategy\" \/>\n<meta name=\"twitter:card\" content=\"summary_large_image\" \/>\n<meta name=\"twitter:label1\" content=\"Tiempo de lectura\" \/>\n\t<meta name=\"twitter:data1\" content=\"1 minuto\" \/>\n<script type=\"application\/ld+json\" class=\"yoast-schema-graph\">{\"@context\":\"https:\/\/schema.org\",\"@graph\":[{\"@type\":\"WebPage\",\"@id\":\"https:\/\/dev.mondoestudio.es\/twiga\/explora-nuestro-trabajo\/los-profesionales-sanitarios-como-investigadores-de-la-experiencia-de-paciente\/\",\"url\":\"https:\/\/dev.mondoestudio.es\/twiga\/explora-nuestro-trabajo\/los-profesionales-sanitarios-como-investigadores-de-la-experiencia-de-paciente\/\",\"name\":\"LOS PROFESIONALES SANITARIOS COMO INVESTIGADORES DE LA EXPERIENCIA DE PACIENTE - Twiga Strategy\",\"isPartOf\":{\"@id\":\"https:\/\/dev.mondoestudio.es\/twiga\/#website\"},\"datePublished\":\"2024-04-24T07:55:49+00:00\",\"dateModified\":\"2024-04-24T07:55:49+00:00\",\"breadcrumb\":{\"@id\":\"https:\/\/dev.mondoestudio.es\/twiga\/explora-nuestro-trabajo\/los-profesionales-sanitarios-como-investigadores-de-la-experiencia-de-paciente\/#breadcrumb\"},\"inLanguage\":\"es\",\"potentialAction\":[{\"@type\":\"ReadAction\",\"target\":[\"https:\/\/dev.mondoestudio.es\/twiga\/explora-nuestro-trabajo\/los-profesionales-sanitarios-como-investigadores-de-la-experiencia-de-paciente\/\"]}]},{\"@type\":\"BreadcrumbList\",\"@id\":\"https:\/\/dev.mondoestudio.es\/twiga\/explora-nuestro-trabajo\/los-profesionales-sanitarios-como-investigadores-de-la-experiencia-de-paciente\/#breadcrumb\",\"itemListElement\":[{\"@type\":\"ListItem\",\"position\":1,\"name\":\"Portada\",\"item\":\"https:\/\/dev.mondoestudio.es\/twiga\/\"},{\"@type\":\"ListItem\",\"position\":2,\"name\":\"Explora nuestro trabajo\",\"item\":\"https:\/\/dev.mondoestudio.es\/twiga\/explora-nuestro-trabajo\/\"},{\"@type\":\"ListItem\",\"position\":3,\"name\":\"LOS PROFESIONALES SANITARIOS COMO INVESTIGADORES DE LA EXPERIENCIA DE PACIENTE\"}]},{\"@type\":\"WebSite\",\"@id\":\"https:\/\/dev.mondoestudio.es\/twiga\/#website\",\"url\":\"https:\/\/dev.mondoestudio.es\/twiga\/\",\"name\":\"Twiga Strategy\",\"description\":\"\",\"publisher\":{\"@id\":\"https:\/\/dev.mondoestudio.es\/twiga\/#organization\"},\"potentialAction\":[{\"@type\":\"SearchAction\",\"target\":{\"@type\":\"EntryPoint\",\"urlTemplate\":\"https:\/\/dev.mondoestudio.es\/twiga\/?s={search_term_string}\"},\"query-input\":\"required name=search_term_string\"}],\"inLanguage\":\"es\"},{\"@type\":\"Organization\",\"@id\":\"https:\/\/dev.mondoestudio.es\/twiga\/#organization\",\"name\":\"Twiga Strategy\",\"url\":\"https:\/\/dev.mondoestudio.es\/twiga\/\",\"logo\":{\"@type\":\"ImageObject\",\"inLanguage\":\"es\",\"@id\":\"https:\/\/dev.mondoestudio.es\/twiga\/#\/schema\/logo\/image\/\",\"url\":\"https:\/\/dev.mondoestudio.es\/twiga\/wp-content\/uploads\/2024\/03\/Layer_1.png\",\"contentUrl\":\"https:\/\/dev.mondoestudio.es\/twiga\/wp-content\/uploads\/2024\/03\/Layer_1.png\",\"width\":117,\"height\":80,\"caption\":\"Twiga Strategy\"},\"image\":{\"@id\":\"https:\/\/dev.mondoestudio.es\/twiga\/#\/schema\/logo\/image\/\"}}]}<\/script>\n<!-- \/ Yoast SEO Premium plugin. -->","yoast_head_json":{"title":"LOS PROFESIONALES SANITARIOS COMO INVESTIGADORES DE LA EXPERIENCIA DE PACIENTE - Twiga Strategy","robots":{"index":"noindex","follow":"follow","max-snippet":"max-snippet:-1","max-image-preview":"max-image-preview:large","max-video-preview":"max-video-preview:-1"},"og_locale":"es_ES","og_type":"article","og_title":"LOS PROFESIONALES SANITARIOS COMO INVESTIGADORES DE LA EXPERIENCIA DE PACIENTE","og_description":"\u00bfColgar la bata por unos d\u00edas y convertirse en investigadores sociales para conocer la experiencia de sus pacientes y las [&hellip;]","og_url":"https:\/\/dev.mondoestudio.es\/twiga\/explora-nuestro-trabajo\/los-profesionales-sanitarios-como-investigadores-de-la-experiencia-de-paciente\/","og_site_name":"Twiga Strategy","twitter_card":"summary_large_image","twitter_misc":{"Tiempo de lectura":"1 minuto"},"schema":{"@context":"https:\/\/schema.org","@graph":[{"@type":"WebPage","@id":"https:\/\/dev.mondoestudio.es\/twiga\/explora-nuestro-trabajo\/los-profesionales-sanitarios-como-investigadores-de-la-experiencia-de-paciente\/","url":"https:\/\/dev.mondoestudio.es\/twiga\/explora-nuestro-trabajo\/los-profesionales-sanitarios-como-investigadores-de-la-experiencia-de-paciente\/","name":"LOS PROFESIONALES SANITARIOS COMO INVESTIGADORES DE LA EXPERIENCIA DE PACIENTE - Twiga Strategy","isPartOf":{"@id":"https:\/\/dev.mondoestudio.es\/twiga\/#website"},"datePublished":"2024-04-24T07:55:49+00:00","dateModified":"2024-04-24T07:55:49+00:00","breadcrumb":{"@id":"https:\/\/dev.mondoestudio.es\/twiga\/explora-nuestro-trabajo\/los-profesionales-sanitarios-como-investigadores-de-la-experiencia-de-paciente\/#breadcrumb"},"inLanguage":"es","potentialAction":[{"@type":"ReadAction","target":["https:\/\/dev.mondoestudio.es\/twiga\/explora-nuestro-trabajo\/los-profesionales-sanitarios-como-investigadores-de-la-experiencia-de-paciente\/"]}]},{"@type":"BreadcrumbList","@id":"https:\/\/dev.mondoestudio.es\/twiga\/explora-nuestro-trabajo\/los-profesionales-sanitarios-como-investigadores-de-la-experiencia-de-paciente\/#breadcrumb","itemListElement":[{"@type":"ListItem","position":1,"name":"Portada","item":"https:\/\/dev.mondoestudio.es\/twiga\/"},{"@type":"ListItem","position":2,"name":"Explora nuestro trabajo","item":"https:\/\/dev.mondoestudio.es\/twiga\/explora-nuestro-trabajo\/"},{"@type":"ListItem","position":3,"name":"LOS PROFESIONALES SANITARIOS COMO INVESTIGADORES DE LA EXPERIENCIA DE PACIENTE"}]},{"@type":"WebSite","@id":"https:\/\/dev.mondoestudio.es\/twiga\/#website","url":"https:\/\/dev.mondoestudio.es\/twiga\/","name":"Twiga Strategy","description":"","publisher":{"@id":"https:\/\/dev.mondoestudio.es\/twiga\/#organization"},"potentialAction":[{"@type":"SearchAction","target":{"@type":"EntryPoint","urlTemplate":"https:\/\/dev.mondoestudio.es\/twiga\/?s={search_term_string}"},"query-input":"required name=search_term_string"}],"inLanguage":"es"},{"@type":"Organization","@id":"https:\/\/dev.mondoestudio.es\/twiga\/#organization","name":"Twiga Strategy","url":"https:\/\/dev.mondoestudio.es\/twiga\/","logo":{"@type":"ImageObject","inLanguage":"es","@id":"https:\/\/dev.mondoestudio.es\/twiga\/#\/schema\/logo\/image\/","url":"https:\/\/dev.mondoestudio.es\/twiga\/wp-content\/uploads\/2024\/03\/Layer_1.png","contentUrl":"https:\/\/dev.mondoestudio.es\/twiga\/wp-content\/uploads\/2024\/03\/Layer_1.png","width":117,"height":80,"caption":"Twiga Strategy"},"image":{"@id":"https:\/\/dev.mondoestudio.es\/twiga\/#\/schema\/logo\/image\/"}}]}},"uagb_featured_image_src":{"full":false,"thumbnail":false,"medium":false,"medium_large":false,"large":false,"1536x1536":false,"2048x2048":false},"uagb_author_info":{"display_name":"mondo","author_link":"https:\/\/dev.mondoestudio.es\/twiga\/author\/mondo\/"},"uagb_comment_info":0,"uagb_excerpt":"\u00bfColgar la bata por unos d\u00edas y convertirse en investigadores sociales para conocer la experiencia de sus pacientes y las [&hellip;]","_links":{"self":[{"href":"https:\/\/dev.mondoestudio.es\/twiga\/wp-json\/wp\/v2\/pages\/3405","targetHints":{"allow":["GET"]}}],"collection":[{"href":"https:\/\/dev.mondoestudio.es\/twiga\/wp-json\/wp\/v2\/pages"}],"about":[{"href":"https:\/\/dev.mondoestudio.es\/twiga\/wp-json\/wp\/v2\/types\/page"}],"author":[{"embeddable":true,"href":"https:\/\/dev.mondoestudio.es\/twiga\/wp-json\/wp\/v2\/users\/1"}],"replies":[{"embeddable":true,"href":"https:\/\/dev.mondoestudio.es\/twiga\/wp-json\/wp\/v2\/comments?post=3405"}],"version-history":[{"count":1,"href":"https:\/\/dev.mondoestudio.es\/twiga\/wp-json\/wp\/v2\/pages\/3405\/revisions"}],"predecessor-version":[{"id":3406,"href":"https:\/\/dev.mondoestudio.es\/twiga\/wp-json\/wp\/v2\/pages\/3405\/revisions\/3406"}],"up":[{"embeddable":true,"href":"https:\/\/dev.mondoestudio.es\/twiga\/wp-json\/wp\/v2\/pages\/3084"}],"wp:attachment":[{"href":"https:\/\/dev.mondoestudio.es\/twiga\/wp-json\/wp\/v2\/media?parent=3405"}],"curies":[{"name":"wp","href":"https:\/\/api.w.org\/{rel}","templated":true}]}}