{"id":3411,"date":"2024-04-24T08:00:35","date_gmt":"2024-04-24T08:00:35","guid":{"rendered":"https:\/\/dev.mondoestudio.es\/twiga\/?page_id=3411"},"modified":"2024-04-24T08:00:36","modified_gmt":"2024-04-24T08:00:36","slug":"desarrollo-de-liderazgo-a-traves-de-la-comunicacion-noviolenta","status":"publish","type":"page","link":"https:\/\/dev.mondoestudio.es\/twiga\/explora-nuestro-trabajo\/desarrollo-de-liderazgo-a-traves-de-la-comunicacion-noviolenta\/","title":{"rendered":"DESARROLLO DE LIDERAZGO A TRAV\u00c9S DE LA COMUNICACI\u00d3N NOVIOLENTA"},"content":{"rendered":"\n<p>Cuando nos conocemos, podemos comprender a la persona que tenemos delante. Una herramienta fundamental de liderazgo es el autoconocimiento para poder comprender y gestionar a un equipo. Y este es el punto de partida sobre el que crear las condiciones para promover la motivaci\u00f3n aut\u00f3noma, desde la confianza y la responsabilidad hacia el proyecto y hacia el equipo.<\/p>\n\n\n\n<p>Nuestro cliente, una organizaci\u00f3n industrial, cuenta en su plantilla con j\u00f3venes profesionales altamente cualificados, a los que se les asigna desde un inicio una responsabilidad en la gesti\u00f3n de equipos. Sin embargo, una s\u00f3lida formaci\u00f3n acad\u00e9mica y una alta cualificaci\u00f3n t\u00e9cnica no garantiza una inteligencia cultural y emocional <em>innata<\/em> para liderar personas.<\/p>\n\n\n\n<p>En nuestros talleres cultivamos la auto empat\u00eda como herramienta de liderazgo, siguiendo el enfoque de la Comunicaci\u00f3n NoViolenta de Marshall Rosenberg. Ejercitamos la empat\u00eda cognitiva, mediante la toma de conciencia, la pr\u00e1ctica, la formaci\u00f3n, el aprendizaje experiencial y el <em>role playing<\/em>.\u00a0<\/p>\n\n\n\n<p>Trabajamos en objetivos concretos, con los problemas reales y situaciones cotidianas que afrontan las personas participantes, desde dar <em>feedback<\/em>, hasta aprender a escuchar, pasando por c\u00f3mo decir \u2018no\u2019 o escuchar un \u2018no\u2019, habilidades de negociaci\u00f3n, y gesti\u00f3n de conflictos y malestares. De ese modo, los conocimientos adquiridos no quedan en el plano mental, sino que constituyen un aprendizaje integrado en la pr\u00e1ctica profesional diaria, experimentando los resultados de la formaci\u00f3n desde el primer momento.<\/p>\n\n\n\n<p><\/p>\n","protected":false},"excerpt":{"rendered":"<p>Cuando nos conocemos, podemos comprender a la persona que tenemos delante. Una herramienta fundamental de liderazgo es el autoconocimiento para [&hellip;]<\/p>\n","protected":false},"author":1,"featured_media":0,"parent":3084,"menu_order":0,"comment_status":"closed","ping_status":"closed","template":"","meta":{"_uag_custom_page_level_css":"","site-sidebar-layout":"default","site-content-layout":"","ast-site-content-layout":"normal-width-container","site-content-style":"boxed","site-sidebar-style":"default","ast-global-header-display":"","ast-banner-title-visibility":"","ast-main-header-display":"","ast-hfb-above-header-display":"","ast-hfb-below-header-display":"","ast-hfb-mobile-header-display":"","site-post-title":"","ast-breadcrumbs-content":"","ast-featured-img":"","footer-sml-layout":"","theme-transparent-header-meta":"disabled","adv-header-id-meta":"","stick-header-meta":"default","header-above-stick-meta":"","header-main-stick-meta":"disabled","header-below-stick-meta":"","astra-migrate-meta-layouts":"default","ast-page-background-enabled":"default","ast-page-background-meta":{"desktop":{"background-color":"var(--ast-global-color-4)","background-image":"","background-repeat":"repeat","background-position":"center center","background-size":"auto","background-attachment":"scroll","background-type":"","background-media":"","overlay-type":"","overlay-color":"","overlay-gradient":""},"tablet":{"background-color":"","background-image":"","background-repeat":"repeat","background-position":"center center","background-size":"auto","background-attachment":"scroll","background-type":"","background-media":"","overlay-type":"","overlay-color":"","overlay-gradient":""},"mobile":{"background-color":"","background-image":"","background-repeat":"repeat","background-position":"center center","background-size":"auto","background-attachment":"scroll","background-type":"","background-media":"","overlay-type":"","overlay-color":"","overlay-gradient":""}},"ast-content-background-meta":{"desktop":{"background-color":"var(--ast-global-color-5)","background-image":"","background-repeat":"repeat","background-position":"center center","background-size":"auto","background-attachment":"scroll","background-type":"","background-media":"","overlay-type":"","overlay-color":"","overlay-gradient":""},"tablet":{"background-color":"var(--ast-global-color-5)","background-image":"","background-repeat":"repeat","background-position":"center center","background-size":"auto","background-attachment":"scroll","background-type":"","background-media":"","overlay-type":"","overlay-color":"","overlay-gradient":""},"mobile":{"background-color":"var(--ast-global-color-5)","background-image":"","background-repeat":"repeat","background-position":"center center","background-size":"auto","background-attachment":"scroll","background-type":"","background-media":"","overlay-type":"","overlay-color":"","overlay-gradient":""}},"footnotes":""},"class_list":["post-3411","page","type-page","status-publish","hentry"],"yoast_head":"<!-- This site is optimized with the Yoast SEO Premium plugin v20.10 (Yoast SEO v22.6) - https:\/\/yoast.com\/wordpress\/plugins\/seo\/ -->\n<title>DESARROLLO DE LIDERAZGO A TRAV\u00c9S DE LA COMUNICACI\u00d3N NOVIOLENTA - Twiga Strategy<\/title>\n<meta name=\"robots\" content=\"noindex, follow, max-snippet:-1, max-image-preview:large, max-video-preview:-1\" \/>\n<meta property=\"og:locale\" content=\"es_ES\" \/>\n<meta property=\"og:type\" content=\"article\" \/>\n<meta property=\"og:title\" content=\"DESARROLLO DE LIDERAZGO A TRAV\u00c9S DE LA COMUNICACI\u00d3N NOVIOLENTA\" \/>\n<meta property=\"og:description\" content=\"Cuando nos conocemos, podemos comprender a la persona que tenemos delante. Una herramienta fundamental de liderazgo es el autoconocimiento para [&hellip;]\" \/>\n<meta property=\"og:url\" content=\"https:\/\/dev.mondoestudio.es\/twiga\/explora-nuestro-trabajo\/desarrollo-de-liderazgo-a-traves-de-la-comunicacion-noviolenta\/\" \/>\n<meta property=\"og:site_name\" content=\"Twiga Strategy\" \/>\n<meta property=\"article:modified_time\" content=\"2024-04-24T08:00:36+00:00\" \/>\n<meta name=\"twitter:card\" content=\"summary_large_image\" \/>\n<meta name=\"twitter:label1\" content=\"Tiempo de lectura\" \/>\n\t<meta name=\"twitter:data1\" content=\"2 minutos\" \/>\n<script type=\"application\/ld+json\" class=\"yoast-schema-graph\">{\"@context\":\"https:\/\/schema.org\",\"@graph\":[{\"@type\":\"WebPage\",\"@id\":\"https:\/\/dev.mondoestudio.es\/twiga\/explora-nuestro-trabajo\/desarrollo-de-liderazgo-a-traves-de-la-comunicacion-noviolenta\/\",\"url\":\"https:\/\/dev.mondoestudio.es\/twiga\/explora-nuestro-trabajo\/desarrollo-de-liderazgo-a-traves-de-la-comunicacion-noviolenta\/\",\"name\":\"DESARROLLO DE LIDERAZGO A TRAV\u00c9S DE LA COMUNICACI\u00d3N NOVIOLENTA - Twiga Strategy\",\"isPartOf\":{\"@id\":\"https:\/\/dev.mondoestudio.es\/twiga\/#website\"},\"datePublished\":\"2024-04-24T08:00:35+00:00\",\"dateModified\":\"2024-04-24T08:00:36+00:00\",\"breadcrumb\":{\"@id\":\"https:\/\/dev.mondoestudio.es\/twiga\/explora-nuestro-trabajo\/desarrollo-de-liderazgo-a-traves-de-la-comunicacion-noviolenta\/#breadcrumb\"},\"inLanguage\":\"es\",\"potentialAction\":[{\"@type\":\"ReadAction\",\"target\":[\"https:\/\/dev.mondoestudio.es\/twiga\/explora-nuestro-trabajo\/desarrollo-de-liderazgo-a-traves-de-la-comunicacion-noviolenta\/\"]}]},{\"@type\":\"BreadcrumbList\",\"@id\":\"https:\/\/dev.mondoestudio.es\/twiga\/explora-nuestro-trabajo\/desarrollo-de-liderazgo-a-traves-de-la-comunicacion-noviolenta\/#breadcrumb\",\"itemListElement\":[{\"@type\":\"ListItem\",\"position\":1,\"name\":\"Portada\",\"item\":\"https:\/\/dev.mondoestudio.es\/twiga\/\"},{\"@type\":\"ListItem\",\"position\":2,\"name\":\"Explora nuestro trabajo\",\"item\":\"https:\/\/dev.mondoestudio.es\/twiga\/explora-nuestro-trabajo\/\"},{\"@type\":\"ListItem\",\"position\":3,\"name\":\"DESARROLLO DE LIDERAZGO A TRAV\u00c9S DE LA COMUNICACI\u00d3N NOVIOLENTA\"}]},{\"@type\":\"WebSite\",\"@id\":\"https:\/\/dev.mondoestudio.es\/twiga\/#website\",\"url\":\"https:\/\/dev.mondoestudio.es\/twiga\/\",\"name\":\"Twiga Strategy\",\"description\":\"\",\"publisher\":{\"@id\":\"https:\/\/dev.mondoestudio.es\/twiga\/#organization\"},\"potentialAction\":[{\"@type\":\"SearchAction\",\"target\":{\"@type\":\"EntryPoint\",\"urlTemplate\":\"https:\/\/dev.mondoestudio.es\/twiga\/?s={search_term_string}\"},\"query-input\":\"required name=search_term_string\"}],\"inLanguage\":\"es\"},{\"@type\":\"Organization\",\"@id\":\"https:\/\/dev.mondoestudio.es\/twiga\/#organization\",\"name\":\"Twiga Strategy\",\"url\":\"https:\/\/dev.mondoestudio.es\/twiga\/\",\"logo\":{\"@type\":\"ImageObject\",\"inLanguage\":\"es\",\"@id\":\"https:\/\/dev.mondoestudio.es\/twiga\/#\/schema\/logo\/image\/\",\"url\":\"https:\/\/dev.mondoestudio.es\/twiga\/wp-content\/uploads\/2024\/03\/Layer_1.png\",\"contentUrl\":\"https:\/\/dev.mondoestudio.es\/twiga\/wp-content\/uploads\/2024\/03\/Layer_1.png\",\"width\":117,\"height\":80,\"caption\":\"Twiga Strategy\"},\"image\":{\"@id\":\"https:\/\/dev.mondoestudio.es\/twiga\/#\/schema\/logo\/image\/\"}}]}<\/script>\n<!-- \/ Yoast SEO Premium plugin. -->","yoast_head_json":{"title":"DESARROLLO DE LIDERAZGO A TRAV\u00c9S DE LA COMUNICACI\u00d3N NOVIOLENTA - Twiga Strategy","robots":{"index":"noindex","follow":"follow","max-snippet":"max-snippet:-1","max-image-preview":"max-image-preview:large","max-video-preview":"max-video-preview:-1"},"og_locale":"es_ES","og_type":"article","og_title":"DESARROLLO DE LIDERAZGO A TRAV\u00c9S DE LA COMUNICACI\u00d3N NOVIOLENTA","og_description":"Cuando nos conocemos, podemos comprender a la persona que tenemos delante. Una herramienta fundamental de liderazgo es el autoconocimiento para [&hellip;]","og_url":"https:\/\/dev.mondoestudio.es\/twiga\/explora-nuestro-trabajo\/desarrollo-de-liderazgo-a-traves-de-la-comunicacion-noviolenta\/","og_site_name":"Twiga Strategy","article_modified_time":"2024-04-24T08:00:36+00:00","twitter_card":"summary_large_image","twitter_misc":{"Tiempo de lectura":"2 minutos"},"schema":{"@context":"https:\/\/schema.org","@graph":[{"@type":"WebPage","@id":"https:\/\/dev.mondoestudio.es\/twiga\/explora-nuestro-trabajo\/desarrollo-de-liderazgo-a-traves-de-la-comunicacion-noviolenta\/","url":"https:\/\/dev.mondoestudio.es\/twiga\/explora-nuestro-trabajo\/desarrollo-de-liderazgo-a-traves-de-la-comunicacion-noviolenta\/","name":"DESARROLLO DE LIDERAZGO A TRAV\u00c9S DE LA COMUNICACI\u00d3N NOVIOLENTA - Twiga Strategy","isPartOf":{"@id":"https:\/\/dev.mondoestudio.es\/twiga\/#website"},"datePublished":"2024-04-24T08:00:35+00:00","dateModified":"2024-04-24T08:00:36+00:00","breadcrumb":{"@id":"https:\/\/dev.mondoestudio.es\/twiga\/explora-nuestro-trabajo\/desarrollo-de-liderazgo-a-traves-de-la-comunicacion-noviolenta\/#breadcrumb"},"inLanguage":"es","potentialAction":[{"@type":"ReadAction","target":["https:\/\/dev.mondoestudio.es\/twiga\/explora-nuestro-trabajo\/desarrollo-de-liderazgo-a-traves-de-la-comunicacion-noviolenta\/"]}]},{"@type":"BreadcrumbList","@id":"https:\/\/dev.mondoestudio.es\/twiga\/explora-nuestro-trabajo\/desarrollo-de-liderazgo-a-traves-de-la-comunicacion-noviolenta\/#breadcrumb","itemListElement":[{"@type":"ListItem","position":1,"name":"Portada","item":"https:\/\/dev.mondoestudio.es\/twiga\/"},{"@type":"ListItem","position":2,"name":"Explora nuestro trabajo","item":"https:\/\/dev.mondoestudio.es\/twiga\/explora-nuestro-trabajo\/"},{"@type":"ListItem","position":3,"name":"DESARROLLO DE LIDERAZGO A TRAV\u00c9S DE LA COMUNICACI\u00d3N NOVIOLENTA"}]},{"@type":"WebSite","@id":"https:\/\/dev.mondoestudio.es\/twiga\/#website","url":"https:\/\/dev.mondoestudio.es\/twiga\/","name":"Twiga Strategy","description":"","publisher":{"@id":"https:\/\/dev.mondoestudio.es\/twiga\/#organization"},"potentialAction":[{"@type":"SearchAction","target":{"@type":"EntryPoint","urlTemplate":"https:\/\/dev.mondoestudio.es\/twiga\/?s={search_term_string}"},"query-input":"required name=search_term_string"}],"inLanguage":"es"},{"@type":"Organization","@id":"https:\/\/dev.mondoestudio.es\/twiga\/#organization","name":"Twiga Strategy","url":"https:\/\/dev.mondoestudio.es\/twiga\/","logo":{"@type":"ImageObject","inLanguage":"es","@id":"https:\/\/dev.mondoestudio.es\/twiga\/#\/schema\/logo\/image\/","url":"https:\/\/dev.mondoestudio.es\/twiga\/wp-content\/uploads\/2024\/03\/Layer_1.png","contentUrl":"https:\/\/dev.mondoestudio.es\/twiga\/wp-content\/uploads\/2024\/03\/Layer_1.png","width":117,"height":80,"caption":"Twiga Strategy"},"image":{"@id":"https:\/\/dev.mondoestudio.es\/twiga\/#\/schema\/logo\/image\/"}}]}},"uagb_featured_image_src":{"full":false,"thumbnail":false,"medium":false,"medium_large":false,"large":false,"1536x1536":false,"2048x2048":false},"uagb_author_info":{"display_name":"mondo","author_link":"https:\/\/dev.mondoestudio.es\/twiga\/author\/mondo\/"},"uagb_comment_info":0,"uagb_excerpt":"Cuando nos conocemos, podemos comprender a la persona que tenemos delante. Una herramienta fundamental de liderazgo es el autoconocimiento para [&hellip;]","_links":{"self":[{"href":"https:\/\/dev.mondoestudio.es\/twiga\/wp-json\/wp\/v2\/pages\/3411","targetHints":{"allow":["GET"]}}],"collection":[{"href":"https:\/\/dev.mondoestudio.es\/twiga\/wp-json\/wp\/v2\/pages"}],"about":[{"href":"https:\/\/dev.mondoestudio.es\/twiga\/wp-json\/wp\/v2\/types\/page"}],"author":[{"embeddable":true,"href":"https:\/\/dev.mondoestudio.es\/twiga\/wp-json\/wp\/v2\/users\/1"}],"replies":[{"embeddable":true,"href":"https:\/\/dev.mondoestudio.es\/twiga\/wp-json\/wp\/v2\/comments?post=3411"}],"version-history":[{"count":1,"href":"https:\/\/dev.mondoestudio.es\/twiga\/wp-json\/wp\/v2\/pages\/3411\/revisions"}],"predecessor-version":[{"id":3412,"href":"https:\/\/dev.mondoestudio.es\/twiga\/wp-json\/wp\/v2\/pages\/3411\/revisions\/3412"}],"up":[{"embeddable":true,"href":"https:\/\/dev.mondoestudio.es\/twiga\/wp-json\/wp\/v2\/pages\/3084"}],"wp:attachment":[{"href":"https:\/\/dev.mondoestudio.es\/twiga\/wp-json\/wp\/v2\/media?parent=3411"}],"curies":[{"name":"wp","href":"https:\/\/api.w.org\/{rel}","templated":true}]}}

DESARROLLO DE LIDERAZGO A TRAVÉS DE LA COMUNICACIÓN NOVIOLENTA

<p>Cuando nos conocemos, podemos comprender a la persona que tenemos delante. Una herramienta fundamental de liderazgo es el autoconocimiento para poder comprender y gestionar a un equipo. Y este es el punto de partida sobre el que crear las condiciones para promover la motivación autónoma, desde la confianza y la responsabilidad hacia el proyecto y hacia el equipo.</p>



<p>Nuestro cliente, una organización industrial, cuenta en su plantilla con jóvenes profesionales altamente cualificados, a los que se les asigna desde un inicio una responsabilidad en la gestión de equipos. Sin embargo, una sólida formación académica y una alta cualificación técnica no garantiza una inteligencia cultural y emocional <em>innata</em> para liderar personas.</p>



<p>En nuestros talleres cultivamos la auto empatía como herramienta de liderazgo, siguiendo el enfoque de la Comunicación NoViolenta de Marshall Rosenberg. Ejercitamos la empatía cognitiva, mediante la toma de conciencia, la práctica, la formación, el aprendizaje experiencial y el <em>role playing</em>. </p>



<p>Trabajamos en objetivos concretos, con los problemas reales y situaciones cotidianas que afrontan las personas participantes, desde dar <em>feedback</em>, hasta aprender a escuchar, pasando por cómo decir ‘no’ o escuchar un ‘no’, habilidades de negociación, y gestión de conflictos y malestares. De ese modo, los conocimientos adquiridos no quedan en el plano mental, sino que constituyen un aprendizaje integrado en la práctica profesional diaria, experimentando los resultados de la formación desde el primer momento.</p>



<p></p>

<!-- This site is optimized with the Yoast SEO Premium plugin v20.10 (Yoast SEO v22.6) - https://yoast.com/wordpress/plugins/seo/ -->
<title>DESARROLLO DE LIDERAZGO A TRAVÉS DE LA COMUNICACIÓN NOVIOLENTA - Twiga Strategy</title>
<meta name="robots" content="noindex, follow, max-snippet:-1, max-image-preview:large, max-video-preview:-1" />
<meta property="og:locale" content="es_ES" />
<meta property="og:type" content="article" />
<meta property="og:title" content="DESARROLLO DE LIDERAZGO A TRAVÉS DE LA COMUNICACIÓN NOVIOLENTA" />
<meta property="og:description" content="Cuando nos conocemos, podemos comprender a la persona que tenemos delante. Una herramienta fundamental de liderazgo es el autoconocimiento para [&hellip;]" />
<meta property="og:url" content="https://dev.mondoestudio.es/twiga/explora-nuestro-trabajo/desarrollo-de-liderazgo-a-traves-de-la-comunicacion-noviolenta/" />
<meta property="og:site_name" content="Twiga Strategy" />
<meta property="article:modified_time" content="2024-04-24T08:00:36+00:00" />
<meta name="twitter:card" content="summary_large_image" />
<meta name="twitter:label1" content="Tiempo de lectura" />
	<meta name="twitter:data1" content="2 minutos" />
<script type="application/ld+json" class="yoast-schema-graph">{"@context":"https://schema.org","@graph":[{"@type":"WebPage","@id":"https://dev.mondoestudio.es/twiga/explora-nuestro-trabajo/desarrollo-de-liderazgo-a-traves-de-la-comunicacion-noviolenta/","url":"https://dev.mondoestudio.es/twiga/explora-nuestro-trabajo/desarrollo-de-liderazgo-a-traves-de-la-comunicacion-noviolenta/","name":"DESARROLLO DE LIDERAZGO A TRAVÉS DE LA COMUNICACIÓN NOVIOLENTA - Twiga Strategy","isPartOf":{"@id":"https://dev.mondoestudio.es/twiga/#website"},"datePublished":"2024-04-24T08:00:35+00:00","dateModified":"2024-04-24T08:00:36+00:00","breadcrumb":{"@id":"https://dev.mondoestudio.es/twiga/explora-nuestro-trabajo/desarrollo-de-liderazgo-a-traves-de-la-comunicacion-noviolenta/#breadcrumb"},"inLanguage":"es","potentialAction":[{"@type":"ReadAction","target":["https://dev.mondoestudio.es/twiga/explora-nuestro-trabajo/desarrollo-de-liderazgo-a-traves-de-la-comunicacion-noviolenta/"]}]},{"@type":"BreadcrumbList","@id":"https://dev.mondoestudio.es/twiga/explora-nuestro-trabajo/desarrollo-de-liderazgo-a-traves-de-la-comunicacion-noviolenta/#breadcrumb","itemListElement":[{"@type":"ListItem","position":1,"name":"Portada","item":"https://dev.mondoestudio.es/twiga/"},{"@type":"ListItem","position":2,"name":"Explora nuestro trabajo","item":"https://dev.mondoestudio.es/twiga/explora-nuestro-trabajo/"},{"@type":"ListItem","position":3,"name":"DESARROLLO DE LIDERAZGO A TRAVÉS DE LA COMUNICACIÓN NOVIOLENTA"}]},{"@type":"WebSite","@id":"https://dev.mondoestudio.es/twiga/#website","url":"https://dev.mondoestudio.es/twiga/","name":"Twiga Strategy","description":"","publisher":{"@id":"https://dev.mondoestudio.es/twiga/#organization"},"potentialAction":[{"@type":"SearchAction","target":{"@type":"EntryPoint","urlTemplate":"https://dev.mondoestudio.es/twiga/?s={search_term_string}"},"query-input":"required name=search_term_string"}],"inLanguage":"es"},{"@type":"Organization","@id":"https://dev.mondoestudio.es/twiga/#organization","name":"Twiga Strategy","url":"https://dev.mondoestudio.es/twiga/","logo":{"@type":"ImageObject","inLanguage":"es","@id":"https://dev.mondoestudio.es/twiga/#/schema/logo/image/","url":"https://dev.mondoestudio.es/twiga/wp-content/uploads/2024/03/Layer_1.png","contentUrl":"https://dev.mondoestudio.es/twiga/wp-content/uploads/2024/03/Layer_1.png","width":117,"height":80,"caption":"Twiga Strategy"},"image":{"@id":"https://dev.mondoestudio.es/twiga/#/schema/logo/image/"}}]}</script>
<!-- / Yoast SEO Premium plugin. -->

DESARROLLO DE LIDERAZGO A TRAVÉS DE LA COMUNICACIÓN NOVIOLENTA - Twiga Strategy
